ive y(-12).
-6
Let a = 4 - 9. Let b = -6 + 9. Let k(w) = 9 - 2 - 4*w - 6*w**2 + 0*w**3 - w**b. Calculate k(a).
2
Let d(k) = k**3 - k**2 - k + 1. Let v(l) = 2*l + 2. Let b(t) = 2*t + 3. Let q(m) = 3*b(m) - 4*v(m). Let r be q(1). Let j be ((0 - 0)*-1)/r. Calculate d(j).
1
Let r be 76/(-16) + 6/8. Let p be (-9 + -1)*2/r. Suppose 5*s - s = -4*h - 4, -1 = p*s + 3*h. Let t(l) = -5*l**3 - 1. Determine t(s).
-6
Let g be (-1 - -6)/(2/2). Let n(r) = -3*r + 1 - g*r + 0*r. What is n(1)?
-7
Let s(c) = 6*c + 9. Let a(b) = -3*b - 4. Let g(i) = -7*a(i) - 3*s(i). Give g(-4).
-11
Let m(a) = a**3 + 9*a**2 + 8*a + 1. Let o be m(-8). Let k(b) = -2*b - 7. Let i be k(-5). Let p(z) = -o + i*z**2 - z + z**3 + 2*z + z. Calculate p(-2).
-1
Let n(t) be the second derivative of t**5/20 + t**4/4 + t**3/6 + 3*t**2/2 - 108*t. Let m = 3 + -6. What is n(m)?
0
Let m(r) be the third derivative of r**8/5040 + r**7/5040 - r**6/720 + r**5/12 + 2*r**2. Let p(q) be the third derivative of m(q). Determine p(1).
4
Suppose 6 = -4*m + 2*m. Let q = -1 - m. Let f(k) = q - 3 - 3 - 2*k - 2. Calculate f(-5).
4
Let b(x) = -x + 3. Let y = -4 + -17. Let f be (-4)/(-14) - 120/y. Give b(f).
-3
Let z(l) = l**3 + 4. Let o be z(0). Let x(h) be the third derivative of 0*h - 2*h**2 + 0 - 1/24*h**4 - 2/3*h**3. Give x(o).
-8
Let s(z) = -6*z**2 + z - 6. Let w(m) = -7*m**2 - 7. Suppose x - 12 = 3*x. Let t(p) = x*s(p) + 5*w(p). Let r be (-1)/3 + 32/6. Calculate t(r).
-4
Let c(p) = -2 - 2*p + 2. Suppose -q + 4 = 2. Calculate c(q).
-4
Suppose -2*u - 28 = -0*u. Let n(d) = -d - 3. Let h(b) = -3*b - 10. Let o(t) = -2*h(t) + 7*n(t). Let r(q) = 6*q + 7. Let f(s) = u*o(s) - 2*r(s). Give f(3).
6
Suppose -12*m = -10*m - 4. Let g(r) = 2*r**3 - 2*r**2 - 6*r + 1. Let s(k) = 6*k**3 - 7*k**2 - 19*k + 2. Let a(v) = -7*g(v) + 2*s(v). Calculate a(m).
-11
Let h(q) be the first derivative of -q**3/3 - 11. Let u(z) = z**3 - 3*z**2 - 7. Let m be 2*(4/2 - 3). Let j(a) = m*h(a) - u(a). Determine j(5).
7
Let j(u) = -u**3 + 5*u**2 - 2*u - 5. Let z be j(4). Let g(v) = z*v**2 - v**2 + 0*v**2 + v. Let s(f) = f**3 + f**2 + f + 1. Let n be s(0). What is g(n)?
3
Let d = -2 - -4. Let z(u) = -1 + 0*u + 10 - 2*u - 2*u. Let t(c) = -12*c + 26. Let h(a) = -6*t(a) + 17*z(a). Give h(d).
5
Let b(k) = k. Let u be -2 - 5/(15/12). What is b(u)?
-6
Let z(k) = k. Let x be z(5). Let t(f) = 0*f - 1 + 0 + x*f. Let w = -23 + 24. Determine t(w).
4
Suppose -24 = -3*u + 3*z, -u + 2*z + 25 = 4*u. Let l(s) = s**3 - 3*s**2 - s - 1. Give l(u).
-4
Let q = 9 - 5. Suppose 0 = -2*m + 4*o + 24, -q*m = -3*o - 25 + 2. Let d(x) = -2*x - 2*x + m + x**2 - 2*x**2. Calculate d(-4).
2
Suppose -a = -3*i - 24 + 5, -i = 5*a + 1. Let q(r) = r**3 + 6*r**2 - 2*r - 4. Let v be q(i). Let d = v + -5. Let g(z) = z**2 - 3. Give g(d).
6
Let n(p) be the third derivative of 0 + 0*p - 5*p**2 + 1/6*p**3 + 1/4*p**4. Give n(-1).
-5
Let x(c) = c**3 - 6*c**2 + 3. Let o be x(6). Let i(f) = -7*f - o - f**3 + 4*f**2 + 2*f + 0*f**2 + 11*f. What is i(5)?
2
Let p(z) be the first derivative of z**3 + z**2/2 - 15. Determine p(1).
4
Suppose 4*r - 3*q - 21 = 8, -3*r + 2*q + 21 = 0. Let b(y) = -r*y**2 - y + 4*y**2 - 6*y + 6 + 3*y. Give b(-5).
1
Let p(z) = 2*z**2 + 1 - z**3 + 7*z - 6*z**2 + 0*z**2. Suppose 0 = 2*w + 10, 9 = -2*s - w - 6. What is p(s)?
-9
Let k be (-12)/(-66) + 6/(-33). Let a(q) = q + 7. Determine a(k).
7
Let o(u) be the third derivative of -u**7/2520 - u**6/144 - u**5/20 - u**4/8 - 3*u**2. Let h(x) be the second derivative of o(x). Give h(-4).
-2
Let c(h) = -5*h + 0 - 2 + h**2 + 5. Let m(b) = -2*b**2 + 9*b - 5. Let x(n) = -5*c(n) - 2*m(n). Determine x(5).
5
Let j(z) = -z**2 + z - 2. Let d(q) = q**2 - 5*q - 2. Let l be d(6). Suppose -5*i - 1 = 3*b, -7*i = -l*b - 2*i - 13. What is j(b)?
-8
Let k(y) be the second derivative of 0 + 2*y - 1/6*y**3 - 3/2*y**2. Let c(v) = -3*v - 1. Let g be c(1). Give k(g).
1
Suppose j + 2*z - 20 = -3*z, 0 = 3*j + 3*z - 24. Let v(k) = -1 - 1 + k**2 - j*k**2 + 1. Let x(d) = -d - 6. Let a be x(-7). Give v(a).
-5
Let v(k) = -k**2 + k + 1. Let p be v(4). Suppose -4*d - 20 = 0, 2*w + 1 = 4*d - 9. Let j = w - p. Let i(y) = -y**2 - 3*y - 6. Give i(j).
-10
Let o(b) = 3*b**2 - 3*b - 9. Let n(s) = -5*s**2 + 6*s + 17. Let l(i) = 4*n(i) + 7*o(i). Determine l(-5).
15
Let o(g) = g**2 + g. Let r be o(1). Let s(z) = -5*z**3 + z. Let f be s(-1). Let u(p) = 1 + 0 - p**2 + r*p - f. Give u(3).
-6
Let z(i) = -7*i + 45. Let o be z(6). Let j(k) = -k - 2. Give j(o).
-5
Let b(f) = -f**2 - 4*f - 3. Let s(u) = -2*u + 2. Let a(j) = -j**2 + 2*j - 3. Let h(n) = 3*a(n) + 4*s(n). Let c be h(-1). What is b(c)?
1
Let x(t) = -6*t**3 - t**2 + 1. Suppose -5*b - h - 1 = -0, 2*b - 18 = -5*h. Determine x(b).
6
Let w(z) = 24*z**2 - 4*z + 13. Let g(y) = 6*y**2 - y + 3. Let a(o) = 9*g(o) - 2*w(o). Let t(p) = -3*p + 2 - 4 - p**2 + 1. Let v be t(-2). Calculate a(v).
6
Let m be 3/(2/16*-6). Let u(k) = -k**3 - 4*k**2 - 4*k - 2. Determine u(m).
14
Let v(r) = -r**2 + r - 11. Suppose 0*b = -b. Let k be b/(1 - (-3 - -2)). Determine v(k).
-11
Let b(j) = 16*j**2 + 13*j + 3. Let g = 8 + -15. Let h(p) = -5*p**2 - 4*p - 1. Let l(s) = g*h(s) - 2*b(s). What is l(-1)?
2
Suppose -4*n + 5*k - 4 = 0, -5*n + n + 4*k = 0. Let d(q) = -2*q**2 + 3*q - 2. Calculate d(n).
-22
Let g(l) be the second derivative of l**7/280 - l**6/180 + l**4/24 - 5*l**3/6 - 3*l. Let t(j) be the second derivative of g(j). Calculate t(-1).
-4
Let x = -6 - -10. Suppose -15 = x*v - v. Let a(p) = p**3 + 5*p**2 - 2*p - 5. Give a(v).
5
Let p(l) = -2*l + 1. Let t(m) = -24*m + 5. Let g(o) = 6*p(o) - t(o). Determine g(-2).
-23
Let h(m) = 2*m**2 + 23*m + 10. Let u(k) = k**2 + 11*k + 5. Let q(d) = 4*h(d) - 9*u(d). What is q(-6)?
1
Let j(i) = i**2 + 2*i - 3. Let l be 12/10*(9 + 23/(-2)). What is j(l)?
0
Let q(l) be the third derivative of -l**5/60 + 7*l**4/24 - l**3 + 17*l**2. Determine q(6).
0
Let f = 7 - 9. Let k(g) = g**3 - 2 + 0*g**3 + 0 - g. Determine k(f).
-8
Let j(l) be the third derivative of -l**4/12 - 13*l**3/6 - 24*l**2. Give j(-9).
5
Let z = -4 - -4. Suppose z*p + 21 = 4*p - 5*a, 5*p - a = 0. Let g(o) = o**2 + 2*o + 1. Give g(p).
0
Let p(w) = -2*w - 4. Let z be p(-9). Let t be -2 + 2/4*z. Let s(v) = -v + 6. Give s(t).
1
Let i be 1*4 - 2*18/12. Let a(s) = -3*s**2 + s - 1. Determine a(i).
-3
Suppose r = -3*r - 20. Let j(t) be the third derivative of -1/12*t**4 - 1/2*t**3 - 2*t**2 + 0*t + 0. Give j(r).
7
Let h = 5 - 1. Let y(l) = h*l + 4*l - 2*l + l**2 - 5. Determine y(-5).
-10
Let g(v) be the first derivative of -v**3 - 3*v**2/2 - 9*v - 3. Let q(x) = -x**2 - x - 4. Let j(b) = 3*g(b) - 7*q(b). Calculate j(-2).
-3
Let c(m) = -m**3 + 4*m**2 + 5*m + 3. Suppose -31 + 36 = u. Determine c(u).
3
Let u(g) be the first derivative of g**4/6 - g**3/6 + g**2/2 + g - 1. Let p(c) be the first derivative of u(c). Calculate p(1).
2
Let o(j) = -j**3 - 5*j**2 - 3*j + 3. Let c = 1 + 7. Suppose -c = -i - 3*d + 1, 2*i - 4*d = 28. Suppose i = 2*b - 6*b. What is o(b)?
-6
Let q = -477 + 2869/6. Let r(p) be the second derivative of 1/12*p**4 + q*p**3 - 3*p + 0 + 3*p**2. What is r(-4)?
-6
Suppose 2*t - 4 = -2*t. Suppose -53 = -4*c + 35. Let v(q) = -q**2 - 14*q - 8*q + c*q. Determine v(t).
-1
Let r(i) = i**2 - 9*i + 1. Let s be (-1)/5 + (-368)/(-40). Give r(s).
1
Let w = -2 - -6. Let r be 14/6 - w/(-6). Let q(b) = -b**2 + 3*b + 4. Calculate q(r).
4
Suppose -3*q + 5*h + 2 = -3, 0 = -5*q + 4*h + 17. Let p(f) = -3*f - 2 - 3 - 2 + q. What is p(2)?
-8
Let l(g) = -6*g**2 - 4. Let h(w) = -7*w**2 - 5. Let b(d) = 5*h(d) - 6*l(d). Suppose 4*m - 17 = -5*q, 5*m = -q - 1 - 4. Give b(m).
3
Let g = 5 - 2. Suppose -15 = -2*u + 2*f + 5, g*f - 10 = -5*u. Let i(c) = 2*c - 4*c**3 + u*c**3 + 17 - 16 + c**2. What is i(-1)?
-1
Let q(z) be the second derivative of -2*z**3/3 - 3*z**2/2 - 2*z. Suppose -12*d + 16*d + 8 = 0. Determine q(d).
5
Let m be (70/(-4))/7*2. Let o(v) = -v**2 - 8*v - 6. What is o(m)?
9
Let q be (-23)/(-2) + -4 + 1/(-2). Let v(x) = -x**3 + 8*x**2 - 7*x - 6. Give v(q).
-6
Let d(t) = -t**3 - t**2 + t - 1. Let m(a) = -a**3 + 4*a**2 - 4*a + 7. Let p(h) = -2*d(h) + m(h). Calculate p(-7).
2
Let f(g) = -11*g**2 + 10*g - 5. Let s = 1 - -6. Let d be s - (-6)/(5 + -2). Let u(q) = 5*q**2 - 5*q + 2. Let r(a) = d*u(a) + 4*f(a). Give r(4).
-6
Suppose 2 = 3*g + 8. Let f be (5/4)/((-2)/(-8)). Let 